{"id":721,"date":"2018-08-30T12:33:25","date_gmt":"2018-08-30T15:33:25","guid":{"rendered":"https:\/\/guirula-cba.infd.edu.ar\/sitio\/informacion-para-alumnos\/"},"modified":"2026-03-26T09:50:46","modified_gmt":"2026-03-26T12:50:46","slug":"informacion-para-alumnos","status":"publish","type":"page","link":"https:\/\/guirula-cba.infd.edu.ar\/sitio\/informacion-para-alumnos\/","title":{"rendered":"M\u00e1s informaci\u00f3n"},"content":{"rendered":"\n<p><\/p>\n\n\n<h2 style=\"text-align: center;\"><span style=\"color: #ff0000;\"><strong>PROFESORADO DE EDUCACI\u00d3N PRIMARIA<\/strong><\/span><\/h2>\n<p style=\"text-align: center;\"><em><strong><span style=\"color: #000000;\">Duraci\u00f3n de la carrera: <\/span><\/strong><\/em><\/p>\n<p style=\"text-align: center;\"><span style=\"color: #ff0000;\"><strong>4 a\u00f1os.<\/strong><\/span><\/p>\n<p style=\"text-align: center;\"><em><strong><span style=\"color: #000000;\">Orientaci\u00f3n de la carrera: <\/span><\/strong><\/em><br \/><span style=\"color: #ff0000;\"><strong>\u00abAtenci\u00f3n a la diversidad de ni\u00f1os con diferentes tiempos de aprendizajes\u00bb<\/strong><\/span><\/p>\n<p style=\"text-align: center;\"><strong><span style=\"color: #000000;\">T\u00edtulos con validez nacional.<\/span><\/strong><\/p>\n<p style=\"text-align: center;\"><strong><span style=\"color: #000000;\">Guarder\u00eda para los hijos\/as de estudiantes.<\/span><\/strong><\/p>\n<p style=\"text-align: center;\"><strong><span style=\"color: #000000;\">Acceso a becas.<\/span><\/strong><\/p>\n<p>\u00a0<\/p>\n<p><strong>Video informativo: <\/strong><span style=\"color: #000080;\"><strong><a style=\"color: #000080;\" href=\"https:\/\/youtu.be\/3c9J70BoL3Y\" target=\"_blank\" rel=\"noopener\">Difusi\u00f3n 2026<\/a>\u00a0<\/strong><\/span><\/p>\n<p>\u00a0<\/p>\n<p><span style=\"color: #ff0000;\"><strong>INFORMACI\u00d3N<\/strong><\/span><\/p>\n<p><span style=\"color: #000000;\">Ingresar al siguiente enlace: <\/span><strong><a href=\"https:\/\/guirula-cba.infd.edu.ar\/sitio\/wp-content\/uploads\/2026\/03\/Instituto-Presbitero-Juan-Guirula.pdf\" target=\"_blank\" rel=\"noopener\"><span style=\"color: #000080;\">INSCRIPCI\u00d3N 2026<\/span><\/a><\/strong><\/p>\n<p><span style=\"color: #ff0000;\"><strong>Ficha individual de matr\u00edcula<\/strong><\/span><\/p>\n<p>Ingresa al siguiente enlace: <span style=\"color: #000080;\"><strong><a style=\"color: #000080;\" href=\"https:\/\/forms.gle\/2ffh25E2Var5yfnA7\" target=\"_blank\" rel=\"noopener\">Haz clic aqu\u00ed<\/a><\/strong><\/span><\/p>\n<p>\u00a0<\/p>\n<p><strong><span style=\"color: #ff0000;\">Documentaci\u00f3n que debe presentar el alumno:<\/span><\/strong><\/p>\n<ul>\n<li><span style=\"color: #000000;\">Fotocopia autenticada del certificado de estudios (t\u00edtulo anal\u00edtico) o constancia de certificado de estudios en tr\u00e1mite.<\/span><\/li>\n<li><span style=\"color: #000000;\">Fotocopia autenticada de partida de nacimiento.<\/span><\/li>\n<li><span style=\"color: #000000;\">Fotocopia autenticada de la 1\u00ba y 2\u00ba hoja del D.N.I.<\/span><\/li>\n<li><span style=\"color: #000000;\">Constancia de certificado de antecedentes (expedido por la polic\u00eda o generado en el Ciudadano Digital).<\/span><\/li>\n<li><span style=\"color: #000000;\">Generar, en caso de no tener, un usuario y contrase\u00f1a del Ciudadano Digital (CiDi). Nivel 2.<\/span><\/li>\n<li><span style=\"color: #000000;\">Certificado de delitos contra la integridad sexual. Ley 9680.<\/span><\/li>\n<\/ul>\n<p><strong><span style=\"color: #ff0000;\">Ficha M\u00e9dica<\/span><\/strong><\/p>\n<p><span style=\"color: #000000;\">Ingresar al siguiente enlace:<\/span> <strong><span style=\"color: #000080;\"><a style=\"color: #000080;\" href=\"https:\/\/guirula-cba.infd.edu.ar\/sitio\/wp-content\/uploads\/2022\/05\/2015-ficha-medica.pdf\" target=\"_blank\" rel=\"noopener\">Ficha m\u00e9dica<\/a><\/span><\/strong><\/p>\n<p>\u00a0<\/p>\n<p><strong><span style=\"color: #ff0000;\">DATOS A TENER EN CUENTA<\/span><\/strong><\/p>\n<ul>\n<li><span style=\"color: #000000;\">Cursado de clases combinada.<\/span><\/li>\n<li><span style=\"color: #000000;\">Inscribirse para el cursado 2026 en la p\u00e1gina del instituto completando la ficha individual de matr\u00edcula 2026.<\/span><\/li>\n<li><span style=\"color: #000000;\">Los ex\u00e1menes se tomar\u00e1n de manera presencial.<\/span><\/li>\n<li><span style=\"color: #000000;\">Inscripci\u00f3n de ex\u00e1menes por Formularios de Google.<\/span><\/li>\n<\/ul>\n<p><span style=\"color: #ff0000;\"><strong>Correlatividades<\/strong><\/span><\/p>\n<p><span style=\"color: #000000;\">Ingresa al siguiente enlace:<strong>\u00a0<span style=\"color: #000080;\"><a style=\"color: #000080;\" href=\"https:\/\/guirula-cba.infd.edu.ar\/sitio\/wp-content\/uploads\/2021\/04\/correlatividades-5.pdf\" target=\"_blank\" rel=\"noopener\">Correlatividades<\/a><\/span><\/strong><\/span><\/p>\n<p>\u00a0<\/p>\n<p><strong><span style=\"color: #ff0000;\">Caja Curricular (Formatos Curriculares)<\/span><\/strong><\/p>\n<p><span style=\"color: #000000;\">Ingresa al siguiente enlace: <strong><span style=\"color: #000080;\"><a style=\"color: #000080;\" href=\"https:\/\/guirula-cba.infd.edu.ar\/sitio\/wp-content\/uploads\/2022\/07\/Adobe-Scan-29-jul.-2022.pdf\" target=\"_blank\" rel=\"noopener\">Caja Curricular 2026<\/a><\/span><\/strong><\/span><\/p>\n<p>\u00a0<\/p>\n<p><strong><span style=\"color: #ff0000;\">Aprobaci\u00f3n de Formatos Curriculares<\/span><\/strong><\/p>\n<p><span style=\"color: #000000;\">Ingresa al siguiente enlace: <strong><span style=\"color: #000080;\"><a style=\"color: #000080;\" href=\"https:\/\/guirula-cba.infd.edu.ar\/sitio\/wp-content\/uploads\/2022\/07\/Adobe-Scan-29-jul.-2022-1-1.pdf\" target=\"_blank\" rel=\"noopener\">Aprobaci\u00f3n de Formatos Curriculares<\/a><\/span><\/strong><\/span><\/p>\n<p>\u00a0<\/p>\n<p><strong><span style=\"color: #ff0000;\">Fecha de inicio de clases:<\/span><\/strong><span style=\"color: #ff0000;\"><span style=\"color: #000000;\"> 16\/03\/2026<\/span><\/span><\/p>\n<p>\u00a0<\/p>\n<p><strong><span style=\"color: #ff0000;\">Horarios 2026 <span style=\"color: #000080;\"><a style=\"color: #000080;\" href=\"https:\/\/guirula-cba.infd.edu.ar\/sitio\/wp-content\/uploads\/2026\/03\/HORARIO-2026.pdf\" target=\"_blank\" rel=\"noopener\">HAZ CLIC AQU\u00cd<\/a><\/span><\/span><\/strong><strong style=\"font-size: revert;\"><span style=\"color: #000080;\">\u00a0 \u00a0 \u00a0<\/span> \u00a0 \u00a0 \u00a0 \u00a0 \u00a0 \u00a0 \u00a0 \u00a0 \u00a0 \u00a0 \u00a0 \u00a0 \u00a0 \u00a0 \u00a0 \u00a0<span style=\"color: #ff0000;\">\u00a0<\/span><\/strong><\/p>\n<p style=\"text-align: center;\">\u00a0<\/p>","protected":false},"excerpt":{"rendered":"<p>PROFESORADO DE EDUCACI\u00d3N PRIMARIA Duraci\u00f3n de la carrera: 4 a\u00f1os. Orientaci\u00f3n de la carrera: \u00abAtenci\u00f3n a la diversidad de ni\u00f1os con diferentes tiempos de aprendizajes\u00bb T\u00edtulos con validez nacional. Guarder\u00eda para los hijos\/as de estudiantes. Acceso a becas. \u00a0 Video informativo: Difusi\u00f3n 2026\u00a0 \u00a0 INFORMACI\u00d3N Ingresar al siguiente enlace: INSCRIPCI\u00d3N 2026 Ficha individual de matr\u00edcula &#8230; <a title=\"M\u00e1s informaci\u00f3n\" class=\"read-more\" href=\"https:\/\/guirula-cba.infd.edu.ar\/sitio\/informacion-para-alumnos\/\" aria-label=\"More on M\u00e1s informaci\u00f3n\">[+]<\/a><\/p>\n","protected":false},"author":2825,"featured_media":0,"parent":0,"menu_order":0,"comment_status":"closed","ping_status":"closed","template":"","meta":[],"acf":[],"_links":{"self":[{"href":"https:\/\/guirula-cba.infd.edu.ar\/sitio\/wp-json\/wp\/v2\/pages\/721"}],"collection":[{"href":"https:\/\/guirula-cba.infd.edu.ar\/sitio\/wp-json\/wp\/v2\/pages"}],"about":[{"href":"https:\/\/guirula-cba.infd.edu.ar\/sitio\/wp-json\/wp\/v2\/types\/page"}],"author":[{"embeddable":true,"href":"https:\/\/guirula-cba.infd.edu.ar\/sitio\/wp-json\/wp\/v2\/users\/2825"}],"replies":[{"embeddable":true,"href":"https:\/\/guirula-cba.infd.edu.ar\/sitio\/wp-json\/wp\/v2\/comments?post=721"}],"version-history":[{"count":85,"href":"https:\/\/guirula-cba.infd.edu.ar\/sitio\/wp-json\/wp\/v2\/pages\/721\/revisions"}],"predecessor-version":[{"id":1459,"href":"https:\/\/guirula-cba.infd.edu.ar\/sitio\/wp-json\/wp\/v2\/pages\/721\/revisions\/1459"}],"wp:attachment":[{"href":"https:\/\/guirula-cba.infd.edu.ar\/sitio\/wp-json\/wp\/v2\/media?parent=721"}],"curies":[{"name":"wp","href":"https:\/\/api.w.org\/{rel}","templated":true}]}}